 derivative of 7*b**5/30 - 7*b**4/24 + b**3 - 2*b**2. Let i be a(4). Calculate the remainder when i/5 - (-2)/(-5) is divided by 14.
12
Let q be (-2 - -1)/(2/20). Let l = -3 - q. What is the remainder when 22 is divided by (-4)/14 + 58/l?
6
Calculate the remainder when 38 is divided by 9/12 - (-154)/8.
18
Suppose 2*z + 9 = -5*s, -12 = -0*s - 4*s. What is the remainder when (-198)/z + (-1)/(-2) is divided by 9?
8
Suppose 4*y + 26 = -3*c - 7, -17 = 2*y + c. Let o = y + 17. Suppose 5*t = 12 + o. Calculate the remainder when 7 is divided by t.
3
Suppose -2*r = 3*r - 4*i - 68, 5*r - 3*i = 71. What is the remainder when (6 - 3) + 65 + -7 is divided by r?
13
Suppose -2*z + 22 = -4*h, 5 - 1 = -z - 3*h. Suppose z*i - 26 = 49. Calculate the remainder when 29 is divided by i.
14
Let q(n) = -n - 6. Let g be q(-9). Suppose 0*r = g*r + 45. What is the remainder when (-212)/(-6) + 5/r is divided by 12?
11
Suppose -4*l + 5*y = -74, 0 = 2*l + 3*l - 4*y - 88. What is the remainder when 58 is divided by l?
10
Let m be 1/(-3) + (-2)/(-6). Suppose -2*s = -7*s + 3*i + 27, -3*s + i + 17 = m. Let t(b) = -b**3 + 2*b**2 + 2. What is the remainder when s is divided by t(0)?
0
Suppose 0 = 4*n + 15 - 91. Calculate the remainder when 110 is divided by n.
15
Suppose -162 = 74*r - 80*r. What is the remainder when 106 is divided by r?
25
Suppose -6*v + 85 + 167 = 0. What is the remainder when 123 is divided by v?
39
Suppose 2*d + 4*d = 78. Calculate the remainder when 88 is divided by d.
10
Suppose 428 = 5*v - 157. Suppose -5*w - 2*g = -v, -3*g + 6*g - 72 = -3*w. Calculate the remainder when w is divided by 8.
7
Let t be 0/(-1)*1/3. What is the remainder when 1 + 5 + t/(-1) is divided by 2?
0
Let w(b) = -b**2 + 15*b + 9. Let z(g) = g**2 - 4*g + 5. Let s be z(5). Let m = 65 + -45. Calculate the remainder when w(s) is divided by m.
19
Suppose -2*x - 5*o + 39 + 105 = 0, -144 = -2*x - 3*o. Calculate the remainder when x is divided by 20.
12
Suppose -j + 305 = 4*j - 2*k, -2*j - k + 113 = 0. What is the remainder when j is divided by 30?
29
Let s(q) = -q**2 - 7*q + 10. Let p be s(-8). Let i(h) = 2*h**3 + h**2 - 2*h + 1. Let y(c) = -2*c - 4. What is the remainder when i(p) is divided by y(-5)?
5
Let m(t) = 2*t**3 - 5*t**2 + 2*t - 1. Let i(q) = q**3 + 4*q**2 - q - 2. Let x = 4 + -6. What is the remainder when m(3) is divided by i(x)?
6
Let x = -1 + 3. Let y(s) = -s**2 + 6*s**2 - 1 + x. Calculate the remainder when y(-1) is divided by 4.
2
Let z(u) = -u**2 + 11. Let b = 20 + -70. Let n = 70 + b. Calculate the remainder when n is divided by z(0).
9
Suppose 5*n - 39 = 11. Let r = -30 + 48. Let h = -12 + r. What is the remainder when n is divided by h?
4
Let c(x) = -x**3 - 9*x**2 + 9*x + 24. Let t(z) = -3*z - 6. What is the remainder when c(-10) is divided by t(-5)?
7
Suppose -x = 23 + 48. Let n = x - -108. What is the remainder when n is divided by (3 + 0)*26/6?
11
Suppose -2*w + 61 = 3*i, 2*w - 6*w - 4*i = -116. What is the remainder when 77 is divided by w?
25
Let t be (-224)/(-36) + 2/(-9). Suppose t*b = b + 110. What is the remainder when 64 is divided by b?
20
Let w(z) = z**3 - 4*z**2 + 2*z + 6. Calculate the remainder when w(4) is divided by 4.
2
Suppose -218 - 17 = -5*o. Calculate the remainder when o is divided by 12.
11
Suppose -5*p + 4*z = -69 - 38, 5*z + 91 = 4*p. What is the remainder when (-22)/(-99) - 493/(-9) is divided by p?
17
Let a(v) = 2*v**2 - 5*v + 4. Let d(u) = -u**3 + 2*u**2 + 4*u. Let f be d(3). Calculate the remainder when 25 is divided by a(f).
4
Let f be 5/3 - (-4)/12. Let p(u) = u - 2. Let s be p(6). Suppose -f = -l + s. What is the remainder when 17 is divided by l?
5
Let f = 5 + 5. Suppose 5*q - 24 = -2*w + q, 3*w + 5*q - 39 = 0. Calculate the remainder when w is divided by f.
8
Suppose 60 = 8*v - 2*v. Calculate the remainder when 56 is divided by v.
6
Suppose 5 = 4*q - 3*w, 3*w - 47 + 7 = -5*q. Suppose 4*m + 75 = q*g, -2*m + 24 = 3*g + 1. Calculate the remainder when g is divided by 6.
5
Let t(q) = -2*q**2 - q + 83. What is the remainder when t(0) is divided by 14?
13
Let x = 1 - -5. Suppose -x*y - 64 = -10*y. What is the remainder when 45 is divided by y?
13
Let s = -76 - -113. Suppose -2*u + 20 = -u. What is the remainder when s is divided by u?
17
Let u(o) = 5*o + 1 + 5*o**2 - 4*o + 7*o**2. Suppose 0 = -4*z + 16, a + 0*z = 5*z - 21. What is the remainder when 23 is divided by u(a)?
11
Let j be 415/7 - (-2)/(-7). Let c = j + -33. What is the remainder when c is divided by 9?
8
Let s be (-3)/(6/2) - 6. Let c = 2 - s. What is the remainder when c is divided by 5?
4
Let w = -58 - -76. Suppose -26 - 42 = -2*x. Calculate the remainder when x is divided by w.
16
Let x(r) = -r**2 + 4*r + 1. Let j(o) = -2*o**2 + 8*o + 1. Let z(f) = -4*j(f) + 7*x(f). What is the remainder when z(-4) is divided by (-1)/2*(-25 - -1)?
11
Suppose 4*d = -0 + 228. What is the remainder when d is divided by 20?
17
Calculate the remainder when 224 is divided by 1 + 0 + 3 - (-318)/6.
53
Calculate the remainder when 18 is divided by 2/(-6) + 11/(99/102).
7
Suppose -2*h + 5*d = -45, 2*d - 53 = -4*h + 1. What is the remainder when 146 is divided by h?
11
Let c = 2 - -3. Let s = 10 + c. Let l = -38 + 67. What is the remainder when l is divided by s?
14
Let n = 4 + 1. Suppose -w = -r - 0*w + 8, -n*r + 52 = -w. Suppose -f + 12 = -4*y - y, 4*f = -y + 132. What is the remainder when f is divided by r?
10
Let i = 81 + -76. Let v = -3 - -10. What is the remainder when v is divided by i?
2
Let t(j) = j**3 + 4*j**2 - j. Let b be t(-4). Suppose k + b*k = 20. Suppose -106 = -k*w + 5*a, -3*a + 4*a = -2. Calculate the remainder when w is divided by 9.
6
Let v(l) = 2*l**2 + 2*l - 1. Calculate the remainder when v(-8) is divided by 38.
35
Let k = 36 + -71. What is the remainder when 0 - k - (-9)/3 is divided by ((-5)/2 - -2)*-26?
12
Let x = 48 - 29. Calculate the remainder when 36 is divided by x.
17
Let i(k) = -8*k**2 + k + 1. Let h be i(-1). Let a(m) = -2*m - 5. What is the remainder when a(h) is divided by 6?
5
Let g(w) = w**2 + 4*w + 1. Let z be g(-5). Suppose -z + 1 = -c. Suppose 0 = c*p - 4*p - 29. What is the remainder when p is divided by 10?
9
Calculate the remainder when 1*-2*28/(-8) is divided by 2.
1
Suppose 3*h = 5*w - 42, -4*w = -6*h + h - 31. What is the remainder when (-1)/2 + (-1224)/(-48) is divided by w?
7
Suppose 4*b - 24 = -4. Calculate the remainder when 8 is divided by b.
3
Let z(r) = -2*r. Let i be z(-1). Suppose 2*f - 28 = -4*j, i*f + 2*j - 5*j - 14 = 0. Calculate the remainder when 1/4 - (-333)/12 is divided by f.
8
Let y be (6 + -14)*-1*2. Suppose -7*z = -3*z - y. What is the remainder when z is divided by 2?
0
Let w(u) = -u**2 - 12*u - 17. Suppose -x - 12 = 4*h, 5*h = -8 + 3. What is the remainder when 59 is divided by w(x)?
14
Let o(b) = 2*b + 1. Let w be o(1). Suppose -71 + 26 = -w*s. What is the remainder when 72 is divided by s?
12
What is the remainder when (-12)/9*7/(42/(-135)) is divided by (-3)/(6/(-4)) + 9?
8
Let a(r) = r**2 + 4*r + 1. Let x = -4 + 8. Suppose 0 = -0*p - p + x. What is the remainder when a(-5) is divided by p?
2
Calculate the remainder when (-2 + 3 - 3) + 88 is divided by 22.
20
Suppose -5*y = -2*y. Suppose 5*o - 3*w - 1 = y, -3*w = -5*o - 4*w + 13. Suppose -32 = -o*s + 22. What is the remainder when s is divided by 7?
6
Let i be 8/(((-6)/3)/(-22)). Suppose -5*p - 33 = -i. What is the remainder when (-194)/(-6) + (-3)/9 is divided by p?
10
What is the remainder when 423/5 - (-1)/(10/(-6)) is divided by 29?
26
Let l be 1/4 - (-30)/8. Suppose l = y - 2*s, 2*y + 2*y + s - 43 = 0. Suppose -5*m - y = -335. What is the remainder when m is divided by 22?
21
Let d be (-10)/4*(-132)/15. Suppose -6 - d = -4*c. What is the remainder when c is divided by 5?
2
Let i = 103 + 8. What is the remainder when i is divided by 19?
16
Suppose 0*z + 15 = z. Let w = -6 - -14. What is the remainder when z is divided by w?
7
Let j(h) = 2*h**2 + h + 1. Let d be j(-1). Let c be -9 + 6 - -4*2. Suppose -d*b + l + 56 = c, 5*l = b - 39. Calculate the remainder when b is divided by 13.
11
Let d = -525 - -538. Suppose 0 = 5*o + 22 - 2. Calculate the remainder when (-197)/o + 1/(-4) is divided by d.
10
Let b(s) = -s**3 - 2*s**2 - 4*s - 10. Calculate the remainder when b(-4) is divided